{"id":252,"date":"2024-02-16T13:24:03","date_gmt":"2024-02-16T12:24:03","guid":{"rendered":"http:\/\/desarrollo.abaco-digital.com\/artieda\/?page_id=252"},"modified":"2024-02-28T18:40:19","modified_gmt":"2024-02-28T17:40:19","slug":"las-ciencias-geometricas-en-arqueologia","status":"publish","type":"page","link":"https:\/\/unizar.digher.es\/artieda\/el-forau-de-la-tuta\/las-ciencias-geometricas-en-arqueologia\/","title":{"rendered":"Las ciencias geom\u00e1ticas en arqueolog\u00eda"},"content":{"rendered":"\n<h2 class=\"wp-block-heading\" style=\"text-transform:none\">La aplicaci\u00f3n de las ciencias geom\u00e1ticas al servicio de la investigaci\u00f3n arqueol\u00f3gica<\/h2>\n\n\n\n<div class=\"wp-block-group has-global-padding is-layout-constrained wp-block-group-is-layout-constrained\" style=\"padding-right:0;padding-left:0\">\n<p>Tras los trabajos realizados por Enrique Osset, en el verano de 2021 se iniciaron las excavaciones sistem\u00e1ticas. Los trabajos combinan un conjunto de nuevas metodolog\u00edas relacionadas con la geom\u00e1tica y la arqueolog\u00eda digital tanto para la identificaci\u00f3n de posibles estructuras a\u00fan enterradas como para la documentaci\u00f3n de las excavaciones.<\/p>\n<\/div>\n\n\n\n<blockquote class=\"wp-block-quote\">\n<p>Sab\u00edas que&#8230;<\/p>\n<cite>La geom\u00e1tica engloba un conjunto de t\u00e9cnicas y metodolog\u00edas que utilizamos para los procesos de captura, tratamiento, an\u00e1lisis, interpretaci\u00f3n, difusi\u00f3n y almacenamiento de la informaci\u00f3n geogr\u00e1fica (tambi\u00e9n llamada espacial o geoespacial), en este caso, de la zona arqueol\u00f3gica de Artieda. Este conjunto incluye, por ejemplo: Topograf\u00eda, Geodesia, Cartograf\u00eda, Fotogrametr\u00eda y Teledetecci\u00f3n.<\/cite><\/blockquote>\n\n\n\n<h2 class=\"wp-block-heading\" style=\"text-transform:none\">Trabajo anterior: uso de la teledetecci\u00f3n para descubrir restos enterrados<\/h2>\n\n\n\n<div class=\"wp-block-columns is-layout-flex wp-container-core-columns-layout-1 wp-block-columns-is-layout-flex\" style=\"padding-right:0;padding-left:0\">\n<div class=\"wp-block-column is-vertically-aligned-center is-layout-flow wp-block-column-is-layout-flow\">\n<p>Antes de iniciar las excavaciones arqueol\u00f3gicas, se realiz\u00f3 un tipo de prospecci\u00f3n mediante t\u00e9cnicas de teledetecci\u00f3n, con la utilizaci\u00f3n de drones de \u00abala fija\u00bb y \u00abala rotatoria\u00bb con sat\u00e9lites de posicionamiento GNSS RTK, con carga \u00fatil de sensores multiespectrales y termogr\u00e1ficos (trabajos realizados por 3D Scanner Patrimonio e Industria, Spin-Off de la Universidad de Zaragoza) y georradar (realizados por SOT). Para el desarrollo de esta investigaci\u00f3n previa, fue fundamental interpretar el crecimiento diferencial de la vegetaci\u00f3n en la zona de la actuaci\u00f3n arqueol\u00f3gica a trav\u00e9s de la aparici\u00f3n de marcas, s\u00f3lo visibles desde el aire con sensores multiespectrales. El desarrollo diferencial de la vegetaci\u00f3n est\u00e1 provocado por la presencia de restos subterr\u00e1neos como muros, mosaicos, zanjas y pozos, que impiden un crecimiento o comportamiento fenol\u00f3gico similar al de aquellas plantas que crecen sobre un suelo sin restos subterr\u00e1neos. Estas \u00abmarcas de cultivo\u00bb o \u00abmarcas de suelo\u00bb ayudan a los arque\u00f3logos a identificar los restos arqueol\u00f3gicos a\u00fan enterrados e invisibles. De este modo, el an\u00e1lisis e interpretaci\u00f3n realizado por la Universidad de Zaragoza de todos los datos adquiridos permiti\u00f3 seleccionar varias zonas susceptibles de contener estructuras arqueol\u00f3gicas.<\/p>\n<\/div>\n\n\n\n<div class=\"wp-block-column is-vertically-aligned-center is-layout-flow wp-block-column-is-layout-flow\" style=\"flex-basis:20%\">\n<figure class=\"wp-block-image size-large is-style-rounded rightImg\"><img loading=\"lazy\" decoding=\"async\" width=\"1024\" height=\"1022\" src=\"https:\/\/unizar.digher.es\/artieda\/el-forau-de-la-tuta\/wp-content\/uploads\/2024\/02\/Panel-2-3-1024x1022.jpg\" alt=\"\" class=\"wp-image-255\" srcset=\"https:\/\/unizar.digher.es\/artieda\/el-forau-de-la-tuta\/wp-content\/uploads\/2024\/02\/Panel-2-3-1024x1022.jpg 1024w, https:\/\/unizar.digher.es\/artieda\/el-forau-de-la-tuta\/wp-content\/uploads\/2024\/02\/Panel-2-3-300x300.jpg 300w, https:\/\/unizar.digher.es\/artieda\/el-forau-de-la-tuta\/wp-content\/uploads\/2024\/02\/Panel-2-3-150x150.jpg 150w, https:\/\/unizar.digher.es\/artieda\/el-forau-de-la-tuta\/wp-content\/uploads\/2024\/02\/Panel-2-3.jpg 1660w\" sizes=\"(max-width: 1024px) 100vw, 1024px\" \/><\/figure>\n<\/div>\n<\/div>\n\n\n\n<div class=\"wp-block-group has-global-padding is-layout-constrained wp-block-group-is-layout-constrained\" style=\"padding-right:0;padding-left:0\">\n<p>Se delimitaron topogr\u00e1ficamente cuatro sondeos arqueol\u00f3gicos. Finalmente en 2021 se excavaron dos de ellos: el sondeo 1, correspondiente al nudo viario que aval\u00f3 la interpretaci\u00f3n del yacimiento como ciudad; y el sondeo 2, en el que se exhum\u00f3 el mosaico figurado en blanco y negro del edificio termal. Desde la campa\u00f1a de 2022, los esfuerzos se han centrado en seguir sacando a la luz esta estructura monumental.<\/p>\n<\/div>\n\n\n\n<blockquote class=\"wp-block-quote\">\n<p>Sab\u00edas que&#8230;<\/p>\n<cite>La teledetecci\u00f3n es una t\u00e9cnica de adquisici\u00f3n de datos de la superficie terrestre mediante sensores pasivos o activos instalados en plataformas espaciales como sat\u00e9lites, drones, esc\u00e1neres l\u00e1ser 3D, etc. Actualmente, es muy utilizada por los arque\u00f3logos como sistema de prospecci\u00f3n y documentaci\u00f3n no invasivo. En el caso de El Forau de la Tuta, los drones nos permitieron ver el yacimiento desde el aire con un tipo de c\u00e1mara que puede ver m\u00e1s all\u00e1 del alcance del ojo humano.<\/cite><\/blockquote>\n\n\n\n<h2 class=\"wp-block-heading\">Manos en la \u00abtierra\u00bb: excavaci\u00f3n y documentaci\u00f3n<\/h2>\n\n\n\n<div class=\"wp-block-group has-global-padding is-layout-constrained wp-block-group-is-layout-constrained\" style=\"padding-right:0;padding-left:0\">\n<p>Para la excavaci\u00f3n se utiliza el denominado sistema Harris, una herramienta empleada para describir la sucesi\u00f3n temporal de contextos arqueol\u00f3gicos y basada en los principios geol\u00f3gicos establecidos por James Hutton (1726-1797) y Charles Lyell (1797-1875).<\/p>\n<\/div>\n\n\n\n<div class=\"wp-block-columns is-layout-flex wp-container-core-columns-layout-2 wp-block-columns-is-layout-flex\" style=\"padding-right:0;padding-left:0\">\n<div class=\"wp-block-column is-vertically-aligned-center is-layout-flow wp-block-column-is-layout-flow\" style=\"flex-basis:33.33%\">\n<figure class=\"wp-block-image size-large styledImg\"><img loading=\"lazy\" decoding=\"async\" width=\"1024\" height=\"860\" src=\"https:\/\/unizar.digher.es\/artieda\/el-forau-de-la-tuta\/wp-content\/uploads\/2024\/02\/Panel-2-4-1024x860.jpg\" alt=\"\" class=\"wp-image-260\" srcset=\"https:\/\/unizar.digher.es\/artieda\/el-forau-de-la-tuta\/wp-content\/uploads\/2024\/02\/Panel-2-4-1024x860.jpg 1024w, https:\/\/unizar.digher.es\/artieda\/el-forau-de-la-tuta\/wp-content\/uploads\/2024\/02\/Panel-2-4-300x252.jpg 300w, https:\/\/unizar.digher.es\/artieda\/el-forau-de-la-tuta\/wp-content\/uploads\/2024\/02\/Panel-2-4.jpg 1637w\" sizes=\"(max-width: 1024px) 100vw, 1024px\" \/><\/figure>\n<\/div>\n\n\n\n<div class=\"wp-block-column is-vertically-aligned-center is-layout-flow wp-block-column-is-layout-flow\" style=\"flex-basis:66.66%\">\n<p>Para ello, es necesario identificar las distintas Unidades Estratigr\u00e1ficas (UE) y unidades estructurales, d\u00e1ndoles un n\u00famero y georreferenci\u00e1ndolas en un mismo plano. En general, obedecen a cuatro leyes o principios:<\/p>\n\n\n\n<p>&#8211; La ley de superposici\u00f3n, seg\u00fan la cual las UE superiores son m\u00e1s recientes y las inferiores m\u00e1s antiguas.<\/p>\n\n\n\n<p>&#8211; La ley de la horizontalidad, que establece que todos los UE tienden a depositarse horizontalmente.<\/p>\n\n\n\n<p>&#8211; La ley de continuidad original.<\/p>\n\n\n\n<p>&#8211; La ley de sucesi\u00f3n estratigr\u00e1fica, seg\u00fan la cual todas las UE ocupan su lugar en la secuencia.<\/p>\n<\/div>\n<\/div>\n\n\n\n<div class=\"wp-block-group has-global-padding is-layout-constrained wp-block-group-is-layout-constrained\" style=\"padding-right:0;padding-left:0\">\n<p>As\u00ed pues, todas las unidades deben catalogarse y relacionarse en una matriz de Harris. Cada una de las UE ha sido georreferenciada con sensores GNSS conectados a la Red Geod\u00e9sica Activa del Gobierno de Arag\u00f3n (ARAGEA). Este sistema permite posicionar cada sondeo con precisi\u00f3n milim\u00e9trica, adem\u00e1s de sumar diacr\u00f3nicamente cada una de las partes excavadas para generar una visi\u00f3n completa del yacimiento.<\/p>\n\n\n\n<p>Se trata de una t\u00e9cnica que permite unir virtualmente en un \u00fanico modelo todas las zonas excavadas de forma tridimensional, documentaci\u00f3n adquirida mediante el uso de un sistema de esc\u00e1ner l\u00e1ser 3D combinando con t\u00e9cnicas de fotogrametr\u00eda terrestre y a\u00e9rea. Sin duda, es esencial para los investigadores y para garantizar la conservaci\u00f3n del yacimiento. La fotogrametr\u00eda consiste en tomar m\u00faltiples im\u00e1genes de un mismo terreno desde varios puntos de vista con solapamiento entre las im\u00e1genes y utilizarlas para crear modelos digitalizados en 2D o 3D de alta resoluci\u00f3n. A partir de estos datos, se pueden realizar mediciones precisas, localizar coordenadas y exportar secciones del lugar que nos ayuden a comprenderlo. Para la documentaci\u00f3n del momento final de la excavaci\u00f3n, por ejemplo, las estancias descubiertas en las campa\u00f1as 2021 y 2022 del edificio termal, tambi\u00e9n se ha utilizado la fotogrametr\u00eda a\u00e9rea, en este caso, realizada gracias a la combinaci\u00f3n del vuelo de un dron de \u00abala rotatoria\u00bb y otro de \u00abala fija\u00bb. Tambi\u00e9n se ha registrado el entorno del emplazamiento, mediante un sistema de esc\u00e1ner l\u00e1ser 3D con el fin de obtener tambi\u00e9n un modelo 3D de todo el complejo. El uso de este sistema permite que, aunque los restos descubiertos vuelvan a cubrirse al final de cada campa\u00f1a por motivos de conservaci\u00f3n, los resultados de las sucesivas campa\u00f1as puedan unirse para generar un \u00abgemelo digital\u00bb. Este modelo 3D permite la generaci\u00f3n de una r\u00e9plica f\u00edsica a cualquier escala, como la que se puede ver en la sala contigua, o la generaci\u00f3n de una r\u00e9plica virtual, un modelo tridimensional, especialmente de aquellas partes que se vuelven a cubrir y no son visibles.<\/p>\n<\/div>\n\n\n\n<div class=\"wp-block-columns is-layout-flex wp-container-core-columns-layout-3 wp-block-columns-is-layout-flex\" style=\"padding-right:0;padding-left:0\">\n<div class=\"wp-block-column is-vertically-aligned-center is-layout-flow wp-block-column-is-layout-flow\">\n<blockquote class=\"wp-block-quote\">\n<p>Sab\u00edas que&#8230;<\/p>\n<cite>En El Forau de la Tuta, cada a\u00f1o, cuando terminamos la excavaci\u00f3n arqueol\u00f3gica, tenemos un gran puzzle de nuevas piezas que tenemos que procesar y estudiar a lo largo del a\u00f1o para unirlas \u00abvirtualmente\u00bb con las piezas de a\u00f1os anteriores y continuar con la investigaci\u00f3n del yacimiento. Aunque a\u00fan nos quedan muchas piezas por descubrir, es muy importante que coloquemos y almacenemos correctamente la informaci\u00f3n para garantizar el estudio del yacimiento a las pr\u00f3ximas generaciones de investigadores.<\/cite><\/blockquote>\n<\/div>\n\n\n\n<div class=\"wp-block-column is-vertically-aligned-center is-layout-flow wp-block-column-is-layout-flow\" style=\"flex-basis:30%\">\n<figure class=\"wp-block-image size-large styledImg\"><img loading=\"lazy\" decoding=\"async\" width=\"1024\" height=\"625\" src=\"https:\/\/unizar.digher.es\/artieda\/el-forau-de-la-tuta\/wp-content\/uploads\/2024\/02\/Panel-2-1024x625.jpg\" alt=\"\" class=\"wp-image-261\" srcset=\"https:\/\/unizar.digher.es\/artieda\/el-forau-de-la-tuta\/wp-content\/uploads\/2024\/02\/Panel-2-1024x625.jpg 1024w, https:\/\/unizar.digher.es\/artieda\/el-forau-de-la-tuta\/wp-content\/uploads\/2024\/02\/Panel-2-300x183.jpg 300w, https:\/\/unizar.digher.es\/artieda\/el-forau-de-la-tuta\/wp-content\/uploads\/2024\/02\/Panel-2-2000x1220.jpg 2000w\" sizes=\"(max-width: 1024px) 100vw, 1024px\" \/><\/figure>\n<\/div>\n<\/div>\n\n\n\n<h2 class=\"wp-block-heading\">Documentaci\u00f3n y difusi\u00f3n del patrimonio arqueol\u00f3gico: una propuesta dual en el siglo XXI<\/h2>\n\n\n\n<p>Uno de los objetivos del equipo cient\u00edfico y de todos los organismos implicados en este proyecto de investigaci\u00f3n es acercar a la sociedad los resultados obtenidos en cada campa\u00f1a arqueol\u00f3gica. Esta es una de las partes m\u00e1s complicadas del proceso, ya que la excavaci\u00f3n arqueol\u00f3gica se cubre despu\u00e9s de cada campa\u00f1a para preservar su conservaci\u00f3n. La georreferenciaci\u00f3n mediante sensores de posicionamiento global por sat\u00e9lite (GNSS RTK), mencionada anteriormente, nos ha permitido analizar los datos capturados y unir virtualmente cada zona y, de esta forma, comenzar cada campa\u00f1a en el l\u00edmite de la anterior. Con el fin de promover la puesta en valor de cada una de las partes que actualmente han sido cubiertas tras la excavaci\u00f3n, se han utilizado diferentes sistemas para mostrarlas tanto a la comunidad cient\u00edfica como al resto del p\u00fablico interesado.<\/p>\n\n\n\n<div class=\"wp-block-columns is-layout-flex wp-container-core-columns-layout-4 wp-block-columns-is-layout-flex\" style=\"padding-right:0;padding-left:0\">\n<div class=\"wp-block-column is-vertically-aligned-center is-layout-flow wp-block-column-is-layout-flow\">\n<blockquote class=\"wp-block-quote\">\n<p>Sab\u00edas que&#8230;<\/p>\n<cite>La combinaci\u00f3n de museo f\u00edsico y virtual que hemos construido en Artieda ya es utilizada en todo el mundo por otros museos de la plataforma Sketchfab, como The British Museum, Harvard Museum of the Ancient Near East y The Smithsonian Institution. Los modelos se realizaron con un esc\u00e1ner 3D de luz estructurada. Este recurso virtual no pretende sustituir la visita f\u00edsica, pero es una excelente idea complementaria para fomentar el turismo y la educaci\u00f3n del Patrimonio Cultural de Artieda.<\/cite><\/blockquote>\n<\/div>\n\n\n\n<div class=\"wp-block-column is-vertically-aligned-center is-layout-flow wp-block-column-is-layout-flow\" style=\"flex-basis:30%\">\n<figure class=\"wp-block-image size-large styledImg\"><img loading=\"lazy\" decoding=\"async\" width=\"1024\" height=\"537\" src=\"https:\/\/unizar.digher.es\/artieda\/el-forau-de-la-tuta\/wp-content\/uploads\/2024\/02\/Panel-2-1-1024x537.jpg\" alt=\"\" class=\"wp-image-266\" srcset=\"https:\/\/unizar.digher.es\/artieda\/el-forau-de-la-tuta\/wp-content\/uploads\/2024\/02\/Panel-2-1-1024x537.jpg 1024w, https:\/\/unizar.digher.es\/artieda\/el-forau-de-la-tuta\/wp-content\/uploads\/2024\/02\/Panel-2-1-300x157.jpg 300w, https:\/\/unizar.digher.es\/artieda\/el-forau-de-la-tuta\/wp-content\/uploads\/2024\/02\/Panel-2-1.jpg 1534w\" sizes=\"(max-width: 1024px) 100vw, 1024px\" \/><\/figure>\n<\/div>\n<\/div>\n\n\n\n<div class=\"wp-block-group alignfull has-global-padding is-layout-constrained wp-block-group-is-layout-constrained\" style=\"margin-top:var(--wp--preset--spacing--small);margin-bottom:0;padding-top:0;padding-right:0;padding-bottom:0;padding-left:0\">\n<figure class=\"wp-block-image alignfull size-large imgPie\"><img loading=\"lazy\" decoding=\"async\" width=\"1024\" height=\"240\" src=\"https:\/\/unizar.digher.es\/artieda\/el-forau-de-la-tuta\/wp-content\/uploads\/2024\/02\/02_CieciasGeometricasB-1024x240.jpg\" alt=\"\" class=\"wp-image-464\" srcset=\"https:\/\/unizar.digher.es\/artieda\/el-forau-de-la-tuta\/wp-content\/uploads\/2024\/02\/02_CieciasGeometricasB-1024x240.jpg 1024w, https:\/\/unizar.digher.es\/artieda\/el-forau-de-la-tuta\/wp-content\/uploads\/2024\/02\/02_CieciasGeometricasB-300x70.jpg 300w, https:\/\/unizar.digher.es\/artieda\/el-forau-de-la-tuta\/wp-content\/uploads\/2024\/02\/02_CieciasGeometricasB.jpg 1920w\" sizes=\"(max-width: 1024px) 100vw, 1024px\" \/><\/figure>\n<\/div>\n","protected":false},"excerpt":{"rendered":"<p>La aplicaci\u00f3n de las ciencias geom\u00e1ticas al servicio de la investigaci\u00f3n arqueol\u00f3gica Tras los trabajos realizados por Enrique Osset, en el verano de 2021 se iniciaron las excavaciones sistem\u00e1ticas. Los trabajos combinan un conjunto de nuevas metodolog\u00edas relacionadas con la geom\u00e1tica y la arqueolog\u00eda digital tanto para la identificaci\u00f3n de posibles estructuras a\u00fan enterradas como &hellip; <\/p>\n<p class=\"link-more\"><a href=\"https:\/\/unizar.digher.es\/artieda\/el-forau-de-la-tuta\/las-ciencias-geometricas-en-arqueologia\/\" class=\"more-link\">Leer m\u00e1s<span class=\"screen-reader-text\"> \u00abLas ciencias geom\u00e1ticas en arqueolog\u00eda\u00bb<\/span><\/a><\/p>\n","protected":false},"author":1,"featured_media":465,"parent":0,"menu_order":0,"comment_status":"closed","ping_status":"closed","template":"","meta":{"footnotes":""},"_links":{"self":[{"href":"https:\/\/unizar.digher.es\/artieda\/el-forau-de-la-tuta\/wp-json\/wp\/v2\/pages\/252"}],"collection":[{"href":"https:\/\/unizar.digher.es\/artieda\/el-forau-de-la-tuta\/wp-json\/wp\/v2\/pages"}],"about":[{"href":"https:\/\/unizar.digher.es\/artieda\/el-forau-de-la-tuta\/wp-json\/wp\/v2\/types\/page"}],"author":[{"embeddable":true,"href":"https:\/\/unizar.digher.es\/artieda\/el-forau-de-la-tuta\/wp-json\/wp\/v2\/users\/1"}],"replies":[{"embeddable":true,"href":"https:\/\/unizar.digher.es\/artieda\/el-forau-de-la-tuta\/wp-json\/wp\/v2\/comments?post=252"}],"version-history":[{"count":18,"href":"https:\/\/unizar.digher.es\/artieda\/el-forau-de-la-tuta\/wp-json\/wp\/v2\/pages\/252\/revisions"}],"predecessor-version":[{"id":516,"href":"https:\/\/unizar.digher.es\/artieda\/el-forau-de-la-tuta\/wp-json\/wp\/v2\/pages\/252\/revisions\/516"}],"wp:featuredmedia":[{"embeddable":true,"href":"https:\/\/unizar.digher.es\/artieda\/el-forau-de-la-tuta\/wp-json\/wp\/v2\/media\/465"}],"wp:attachment":[{"href":"https:\/\/unizar.digher.es\/artieda\/el-forau-de-la-tuta\/wp-json\/wp\/v2\/media?parent=252"}],"curies":[{"name":"wp","href":"https:\/\/api.w.org\/{rel}","templated":true}]}}